
Let n(r) = -3*r**2 + 10*r - 18. Let a(y) = -y**2 + y - 1. Let i(b) = -4*a(b) + n(b). Suppose 3932*j - 12 = 3893*j - 285. Calculate i(j).
-7
Let y = 904 + -908. Let w(f) = -f + 8. Let g be w(6). Let s(v) = -4*v - 5 + v**g + 4*v + 0*v. Give s(y).
11
Let k(h) be the second derivative of 3*h**5/20 + 11*h**4/2 + h**3/2 + 61*h**2/2 - 3449*h. Calculate k(-22).
-5
Let q(p) be the second derivative of -22*p**3 - 2*p**2 + 4180*p. Give q(-1).
128
Let h(f) be the first derivative of -f**2/2 + 4*f - 194. Let a be 2/(-12) + (-399)/(-18). Let b be a/8 + 3/12. Calculate h(b).
1
Let w(v) = 3*v**2 - 4*v - 25. Suppose -9887 + 9836 = 11*b + 6*b. Calculate w(b).
14
Let h = -35 + 33. Let a be (208/(-13))/(-5 - h - -1). Let x(q) = -a*q + 6 + 2*q**2 + 14*q - 13*q. Give x(5).
21
Let d(o) = 48*o - 1053. Let m be d(22). Let j(l) be the second derivative of l**5/20 - l**4/3 + l**3/3 + l. Determine j(m).
-3
Suppose 3*o + f - 36 = 0, -5*f - 41 = 4*o - 89. Let l(k) = -4*k**2 + 49*k - 17. Determine l(o).
-5
Let n be (-1 - -1)/((7 - -1) + -6 - 1). Let u(m) be the third derivative of 1/120*m**6 + 1/12*m**5 + 0 + 7/6*m**3 + 0*m + n*m**4 + 12*m**2. Give u(-5).
7
Let l(c) = -7*c + 56. Let b be l(7). Let a(f) = 47*f + 46*f - 137*f - 5 + 43*f. What is a(b)?
-12
Let g be ((-34)/8)/(118/472). Let j(s) = -s**3 - 18*s**2 - 19*s - 20. What is j(g)?
14
Let y be ((-37)/222)/(5/210). Let l(m) = -m**3 - 8*m**2 - 8*m + 3. Let o(x) = -x. Let s(w) = -l(w) + 4*o(w). Calculate s(y).
18
Let q(l) = l**2 - 22*l + 21. Let f(k) = k**2 - 25*k + 157. Let d be f(17). Let p be q(d). Let h(m) = m - m**2 + 2*m**2 + 0 + 4. Calculate h(p).
4
Let k = -6 - -2. Let c(z) = 229*z**2 - 2*z - z - 5 + 3 - 230*z**2. Determine c(k).
-6
Suppose -5*u = -17*k + 21*k - 771, -5*u + 773 = 2*k. Let v(o) = 3*o - 50*o**3 - 2*o - 48*o**3 + u*o**3 - 58*o**3 - 1. Let n be 1/(-2) - (-9)/6. Determine v(n).
-1
Let y(q) = 21*q + 1633. Let v be y(-78). Let w(i) = -7*i + 12. Let h(f) = 3*f - 5. Let s(k) = -9*h(k) - 4*w(k). Give s(v).
-8
Let l(k) be the first derivative of -1/3*k**3 - k**2 - 2*k - 87. What is l(-2)?
-2
Suppose 5*n + 722 = s, -6*n - s = -3*n + 430. Let r = -139 - n. Let b(p) = p**3 - 6*p**2 + 5*p + 3. What is b(r)?
3
Let j(q) = -117*q + 55. Let f(u) = -151*u + 54. Let s(i) = -3*f(i) + 4*j(i). What is s(3)?
13
Let r(i) be the first derivative of i**2/2 + 4*i + 158. Let m(p) = -13*p + 7. Let v(a) = m(a) - r(a). Give v(3).
-39
Let m(y) = y**3 - 54*y**2 - 234*y + 109. Let o be m(58). Let r(a) be the second derivative of a**5/20 + 7*a**4/12 - a**3/3 - a**2 + a. Determine r(o).
12
Let l(g) = 8*g + 62. Let r be l(-5). Let o(y) = -r*y + 52*y + 2 - 13*y - 3 - 16*y. What is o(-9)?
-10
Let r(p) be the third derivative of -p**6/72 + p**5/40 + p**4/12 + 35*p**3/6 - 2*p**2 - 82. Let j(t) be the first derivative of r(t). Determine j(-1).
-6
Let f(x) = x**2 - 23*x + 41. Let a(m) = m**2 + 750 + 0*m - 729 - 32*m. Let k be a(0). What is f(k)?
-1
Let p = -382/5 - -4589/60. Let k(h) be the second derivative of 0*h**3 + 26*h + 0 - 5/2*h**2 - p*h**4 + 1/20*h**5. What is k(0)?
-5
Let r = 13 + -2. Let n(x) = x + 4*x + 5*x - r*x + 2. Give n(6).
-4
Let p(h) be the second derivative of h**4/12 - h**3/2 - 17*h**2/2 + 1671*h. Determine p(8).
23
Let t(o) = o + 7. Suppose 5*i - 1829 = 4*u, -18*i - 2*u = -19*i + 361. Let w be i/(-72) + 1/8. What is t(w)?
2
Let n(k) = -k**3 + 7*k**2 - 5*k + 2. Suppose 103*t - 101*t = 2968. Suppose -17*p + 3*p = t. Let y = -100 - p. Give n(y).
8
Suppose 32 = 2*n - 5*r - 37, -5*n + 100 = 2*r. Suppose -n*t + 21*t = -2. Let w(g) = -g**3 + 4*g**2 - 4*g - 1. Calculate w(t).
-1
Suppose -44*n + 8 = -46*n, -2*n = -4*j - 8. Let b(s) = -2*s**2 - 6*s + 3. Determine b(j).
-5
Let t = -115 - -507. Let m(v) = 7*v - 393*v**2 + 2 + t*v**2 + v. Let i(y) = -3*y**2 + 23*y + 6. Let p(b) = 3*i(b) - 8*m(b). What is p(4)?
6
Let z(a) = 13 + a**3 - 6 - 6 + a**2. Suppose 8*l + 897 = 881. Determine z(l).
-3
Let y(k) = -2*k**3 + 38*k**2 + 13*k - 244. Let j be ((-423)/2538)/(2/(-228)). Determine y(j).
3
Let l(f) be the second derivative of -f**5/10 + 41*f**4/12 - 3*f**3 - 25*f**2/2 + 6*f - 595. Calculate l(20).
15
Suppose -o = -3*l + 7*l + 36, 0 = 4*l + 3*o + 36. Let h(m) = 10 + 71*m**2 - m**3 + 4 - 39*m**2 - 22 - 41*m**2. Calculate h(l).
-8
Suppose -12 = 14*x - 26. Let p(s) = 2*s + 7*s + 2*s + 18*s**3 + s**2 - 12*s + 0*s - x. Give p(-1).
-17
Let z(n) = -13*n**2 + 13. Let g(s) = 13*s**2 + 2*s - 12. Let p(o) = -3*g(o) - 2*z(o). Let a(y) = 2*y**2 - 1. Let h(f) = 6*a(f) + p(f). Calculate h(-5).
9
Let g(u) be the second derivative of -10*u**4/3 - u**3/6 + u**2 + 8364*u. Determine g(1).
-39
Let c(b) = -3*b**3 + 18*b**2 - 2*b + 140. Let x(y) = -2*y**3 + 12*y**2 - 2*y + 92. Let n(g) = 5*c(g) - 8*x(g). Calculate n(6).
0
Let b(h) = h**3 + 19*h**2 + h + 21. Let u = -93 + 103. Suppose -6*l + v = -u*l - 80, 4*l - 3*v = -64. Determine b(l).
2
Suppose -145*x = -175*x - 210. Let n(w) = 4*w + 33. What is n(x)?
5
Let g(j) = -j**3 - j**2 + 11*j + 6. Let q = 16050 + -16055. What is g(q)?
51
Let o(a) be the second derivative of a**4/12 - a**3/2 - 44*a**2 + a + 2553. What is o(11)?
0
Let m(r) = -2*r - 14. Suppose -3*p + 4*p + 50 = -5*f, -30 = 3*f + 5*p. Let k be m(f). Let s(o) = o**2 - 4*o - 4. Calculate s(k).
8
Suppose -5*p + 13 = -z, -3*z - 21 = -3*p + 2*z. Let w(d) = -d**3 - d**2 + 2*d. Calculate w(p).
-8
Let y(c) be the first derivative of 8*c**3/3 + c + 681. Determine y(-3).
73
Suppose 0 = 4*w - 8, 2 = 3*b + 5*w + 1. Let s(n) = -105*n + 22*n + 27*n + 28*n - 4*n**2 + 24*n - n**3 + 4 - 8. Determine s(b).
-1
Let r be 0/3 - (-1 + 0). Let m(o) = o**2 + 0 + 2*o + 0*o**3 - o**3 - r - o. Suppose -4*j = 3*l - 2*j - 8, 5*j - 20 = -2*l. What is m(l)?
-1
Let i(b) = b**3 + b**2 + 2*b + 1. Suppose 7*o = 8*o + 2*v + 13, o - 7 = 2*v. Calculate i(o).
-23
Let f be 228/16 - (-247)/(-988). Let g(r) = -r**3 + 14*r**2 - r + 15. Let h(b) = b**3 - 14*b**2 + b - 14. Let v(s) = 2*g(s) + 3*h(s). Determine v(f).
2
Let q(m) = -m**3 - 23*m**2 + 27*m + 73. Let a(r) = -r**3 + 13*r**2 + 88*r + 12. Let l be a(18). Give q(l).
1
Let u(d) = -d**2 - 10*d - 4. Let z = -91 + 210. Let k = -128 + z. Calculate u(k).
5
Let a(b) be the second derivative of -b**5/120 + b**4/12 - 23*b**3/6 + b**2 - 7*b + 2. Let h(c) be the second derivative of a(c). Calculate h(5).
-3
Let w(i) be the third derivative of i**5/30 + i**4/6 - i**3 + 9*i**2. Let c be w(-3). Let n(q) = -13*q**2 + 0 + 14*q**2 + 1 - 5*q + c*q. Calculate n(5).
1
Let q(p) be the second derivative of 0 + 38*p - 3/2*p**2 - 5/2*p**3. Calculate q(-2).
27
Suppose -a - 4*a - 2*b + 34 = 0, 5*a = -4*b + 38. Suppose -2*o = -q - q - a, -5*o + q = -7. Let p(x) = -22*x**3 + x**2 + x - 1. Give p(o).
-21
Let j(t) = -4747*t - 4689*t + 9566*t - 19*t**2 + 16. Determine j(7).
-5
Suppose -o + 2 = -2. Let p(l) be the first derivative of -7/2*l**2 + 29 + 1/3*l**3 + 4*l. What is p(o)?
-8
Let n(a) = -5*a**3 - a**2 - a. Let t(s) be the first derivative of -47*s**2/2 + 375*s + 165. Let d be t(8). Calculate n(d).
5
Let t = 53 - 31. Let w(b) = t + 0*b**3 - b**3 - 12. Suppose -2*g - 9*g + 2*g = 0. What is w(g)?
10
Let g(y) = 9*y - 141. Suppose -324 = -5*h - 143*h + 2044. Calculate g(h).
3
Suppose 85*n - 84 = 43*n. Let c(d) = d**3 + d**2 + 3*d - 10. Calculate c(n).
8
Let f be (244 + 5)*14/3. Let t(j) = -f*j + 578*j + 578*j + 5. Calculate t(9).
-49
Let p(q) be the first derivative of 2*q**2 - 17*q - 5878. Determine p(18).
55
Let n be -31 + 2*18/(-12). Let y be (-153)/n*(1 + -3). Let i(l) = -l**2 - 11*l - 7. Give i(y).
11
Let k(m) = -2*m + 1. Let p(l) = -l. Let b(n) = -2*k(n) + 6*p(n). Let j(f) = -f**3 + 13*f**2 - f - 11. Let v be j(13). Let x = 17 + v. Calculate b(x).
12
Let b(y) = y**3 - 2*y - 1. Let q(i) = i**3 - 2*i**2 - 2*i - 1. Let t(d) = 2*b(d) - 3*q(d). Give t(5).
36
Suppose 4*h + 8 = 6*h. Let y(a) = 0*a - 5*a + 14*a - 8*a - h. Calculate y(4).
0
Suppose -3*v - 7 = -4*v. Suppose -4*s + 7*s - u = 11, s + v = -5*u. Let d(z) = 0*z**2 - 2094784*z + 2094784*z - z**2 + 3. What is d(s)?
-6
Let a = -12769 - -12775. Let k(l) = -19*l - 15. Determine k(a).
-129
Let u(v) = 3*v - 4*v + 5 - 1. Let r = 71053 - 71047. Determine u(r).
-2
Let m(f) = 11*f + 1066 + 11*f - 1067 - 12*f. Determine m(4).
39
Let m(n) be the second derivative of n**5/20 - 5*n**4/12 + n**3/6 + 5*n**2 - 7706*n. What i